*y - 5. Let f(w) = w**2 + 1. Let x(b) = 4*f(b) - i(b). Let n(l) = -6*g(l) + 11*x(l). What is n(2)?
-3
Let z = -27 - -26. Let p(j) = -5*j**3 - j**2. What is p(z)?
4
Let g(v) be the third derivative of -v**6/120 - v**5/10 + 5*v**4/24 - 18*v**2. Give g(-7).
14
Let r = 5 + -5. Suppose 0 = -r*x - 3*x - 6. Let t(a) = 6*a - 1. What is t(x)?
-13
Let d(t) = t**3 - 5*t**2 + 3*t + 5. Let f(s) = s + 11. Let a = -11 - -4. Let y be f(a). Determine d(y).
1
Let i(p) be the third derivative of p**5/60 + 11*p**4/24 - 2*p**3 + 49*p**2. What is i(-12)?
0
Let q(b) = -b**2 + 8*b - 9. Let l be q(6). Let x(f) = 0*f + l*f - 2*f + f - 6. Calculate x(5).
4
Let c(x) = 3*x - 3. Let v be c(3). Let p(m) = -m**3 + 7*m**2 - 4*m - 7. What is p(v)?
5
Let i(b) be the second derivative of -11*b**3/3 - 14*b. Calculate i(-1).
22
Let z(v) be the third derivative of -5*v**2 + 0*v - 1/12*v**4 + 0 - 1/2*v**3. Give z(-2).
1
Suppose 3*d - 5 = -5*b + 1, 8 = -3*b + 4*d. Let y(t) = t**2 + 5*t + 2. Let l be y(-5). Let a(m) = 4*m - l - 5*m + b*m. Calculate a(-2).
0
Let p(w) = 2*w - 4. Let f(a) = -6*a**2 - 3*a + 12. Let x(q) = -7*q**2 - 3*q + 13. Let d(s) = -6*f(s) + 5*x(s). Let k(m) = -3*d(m) + 5*p(m). Calculate k(-1).
-3
Let s(o) = -2*o + 6. Let p be (-3 - -2)*(0 - -3). Let q be (-4)/(-12) - 14/p. Determine s(q).
-4
Let i(w) = -w**3 - w**2 + w - 4. Let z be 6/2 - 84/14. Calculate i(z).
11
Let d(o) = -2*o + 2 + 4 + 0*o. Suppose -r + 180 = 3*r. Suppose 5*u = -4*s, -2*s + 5*u + r = 3*s. What is d(s)?
-4
Let p(x) = 7*x**3 - x**2 + x - 1. Suppose -s + 5 = 4. Determine p(s).
6
Let s(y) = y - 8. Let l(f) = -f + 10. Let q(o) = -3*l(o) - 4*s(o). Let v = -1 - -4. Calculate q(v).
-1
Let r(b) = -6*b - 4. Let y(z) = -7*z - 5. Let h(l) = -6*r(l) + 5*y(l). Let o be 1128/(-21) + 12/(-42). Let v be 14/12 - (-9)/o. Determine h(v).
0
Let h(j) = j**3 + 8*j**2 + 6*j - 5. Let o be h(-7). Suppose 2 = o*k - k. Let r be (2 - (-2 + k)) + -4. Let p(m) = -2*m - 2. Determine p(r).
2
Suppose -5*d - 35 = -3*z, 2*z - 4*d - 26 = -0*z. Let g(x) be the third derivative of 3*x**2 - 1/60*x**z + 1/6*x**3 - 1/24*x**4 + 0*x + 0. Give g(0).
1
Let q(m) = -2 + m**2 + 4 - 6 - 7*m. Give q(7).
-4
Let v(h) = h**3 - 4*h**2 + 2*h + 1. Let a be v(3). Let g be 2*((-3)/a)/3. Let y(r) = -11*r + 1. Give y(g).
-10
Let w(m) = m**3 + 11*m**2 + m + 8. Let f be w(-11). Let c(d) be the first derivative of d**2/2 + 4*d + 1. Calculate c(f).
1
Let w(i) = -3*i + 0*i**2 - i**2 + 10*i + 3 - 6. Calculate w(7).
-3
Let v = -10 - -13. Suppose 5*h = -v*x - 27, 2*h + 2*h = -12. Let o(d) = -d - 9. Give o(x).
-5
Let v(l) = l**2 + 4. Suppose 1 + 17 = -3*o - s, 6 = -2*s. Let r = o - -5. Let k be v(r). Let m(n) = -n**2 + 2*n + 5. Calculate m(k).
-3
Let p(f) = 5*f - 8. Let l(y) = y**2 - 4*y - 26. Let v be l(8). Determine p(v).
22
Let j(m) = 7*m**3 - m**2 + 8. Let n(x) = 11*x**3 - 2*x**2 + 12. Let d(p) = 8*j(p) - 5*n(p). Let c be d(-3). Let g(h) = -h**2 - 3*h + 6. Give g(c).
-4
Suppose 2*a + 6 = 4*a. Suppose -2*s + 18 = -3*j, 5*j = -2*s - a*s - 5. Let o(r) = -r**3 + 8*r - 6*r**2 - s + r**2 - 2*r. Give o(-6).
-3
Let o(x) = -8*x + 1. Suppose 0 = -0*g + g + 4, -2*q + 5*g + 22 = 0. Give o(q).
-7
Let t(o) = -o**2 + 7*o - 6. Let n be (-2)/(2/20*-4). Let w be t(n). Let h(q) = -w*q - q + 7*q + 5 - q. Calculate h(-4).
1
Suppose -3*r + 11 = -s + 3, 5*s - 40 = -5*r. Suppose -4 = 2*p + 2*j, 4*p - 6 = 2*p + 3*j. Let u = s - p. Let a(x) = -x**2 + 4*x - 3. Calculate a(u).
-3
Let n(y) = y**2 - y - 1. Let m(c) = c**3 + 8*c**2 + 6*c - 4. Let o be m(-7). Suppose -3 = a, -4*d = o*a - 2*a - 9. What is n(d)?
5
Let w(c) be the second derivative of 1/6*c**3 + 0*c**2 - 2*c + 0. Let z(h) = 4*h - 1. Let u(q) = 3*w(q) - z(q). What is u(-1)?
2
Let a = 105 - 104. Let r(o) = 2*o**2 + 5*o**2 - o**2. Calculate r(a).
6
Let g(t) be the third derivative of -t**6/120 + 3*t**5/20 + 3*t**4/8 + 4*t**3/3 - 5*t**2. Determine g(10).
-2
Let h be -1 - 18/24*-4. Let q(i) = -2*i**3 + 4*i**2 - 2*i - 2. Give q(h).
-6
Let r(g) = -g**3 + 2*g**2 - g + 4. Let k be r(2). Let n(h) = -2*h**2 + 2*h + 2. Give n(k).
-2
Let v(u) = u + 5. Suppose 3 + 3 = -2*g. Give v(g).
2
Let w(p) = -3*p**3 - 2*p**2 + 2*p - 3. Let a be 57/(-95) + 13/5. Determine w(a).
-31
Let g(p) = 7*p**2 + 13*p + 10. Let r(t) = -t**2 - t. Let j(h) = g(h) + 6*r(h). Calculate j(-7).
10
Let n = -72 + 79. Let l(z) = z**2 - 9*z. Give l(n).
-14
Let h(g) = g**3 + 5*g**2 + 3*g + 4. Let m be (4 - 3 - 5) + -3. Let d = m - -4. Let j = d - 1. Calculate h(j).
8
Let z(l) = l + 6. Let f be 2/(-10) - (-52)/10. Suppose 2*r + 0*q = -q + 15, -f*r + 20 = -q. Determine z(r).
11
Suppose 3 = 4*w + 15. Let p(j) be the second derivative of j**4/12 + j**3/3 - 3*j**2/2 - 2*j. Determine p(w).
0
Let q(s) = -s - 5. Let z = -49 - -43. Give q(z).
1
Let b(s) be the first derivative of 1/2*s**2 - 1/6*s**3 + 1/6*s**4 + 0*s - 1/60*s**5 + 2. Let f(m) be the second derivative of b(m). Calculate f(3).
2
Let g(j) = -2*j + 3. Let v(f) = -3*f + 5. Let m(u) = 5*g(u) - 3*v(u). Suppose -5*a = -4*h + 3*h + 24, 3*a - 5*h = -10. What is m(a)?
5
Let n(j) = -j**2 + 4*j - 3. Suppose -5*g = -3*x + 37, 7*x - 2*x - 40 = 4*g. Suppose -x*f = -0*f - 8. Determine n(f).
1
Let a(z) = -8 - 11 - 4 + 2*z + z**2 + 20. Suppose -3*b + 3*p = -18, -p = -6*p - 20. Calculate a(b).
5
Let m(d) = -d**3 - 6*d**2 - 4*d - 5. Suppose -4*u = 7 + 13. Give m(u).
-10
Let r(w) be the third derivative of -w**5/60 - w**4/24 + w**3/3 - 13*w**2. Suppose -d = -5*b + 29, -19 = d + b - 4*b. Let z = -6 - d. Calculate r(z).
0
Suppose f - 6*f = -2*v - 15, -5*v - 9 = -3*f. Let t(w) = -w**3 + 4*w**2 + w + 4. Determine t(f).
16
Let a be (-9)/((-126)/8) + 10/7. Let y(t) be the third derivative of t**4/6 + t**2. Determine y(a).
8
Let v(n) = -2*n - 4. Let r be 81/(-15) + 0 + (-4)/(-10). Determine v(r).
6
Suppose 5*l + 0*l - 180 = 0. Suppose 4*m - l = -0*m + 5*q, -5*m = 3*q - 8. Let t(h) be the first derivative of h**2 - 1. Calculate t(m).
8
Let y(n) = 4*n**3 + 8*n**2 - n - 10. Let g(t) = 5*t**3 + 9*t**2 - t - 11. Let o(u) = -3*g(u) + 4*y(u). Calculate o(-5).
-2
Let m(k) = -k**3 - 5*k**2 - 2*k - 3. Suppose i + i + 4 = 0. Calculate m(i).
-11
Suppose -3*s + 4*i = s + 12, -2*s - 8 = -3*i. Let a(g) = -5*g + 7. Let w(h) = -14*h + 20. Let j(l) = -17*a(l) + 6*w(l). Give j(s).
0
Let m be (-4)/2*15/(-6). Let l(r) be the third derivative of -r**4/24 + 7*r**3/6 + 4*r**2. Calculate l(m).
2
Suppose -3*i + 4*i + 5*h - 9 = 0, -5*i + 15 = -5*h. Suppose f = -i*f. Let c(y) = -y**3 - y**2 - 4. Give c(f).
-4
Let w = 40 + -22. Let k be w/4 + (-3)/(-6). Let u(h) = h**3 - 6*h**2 + 6*h + 5. Determine u(k).
10
Let m(d) = d - 2. Let i(c) = -8*c + 6. Let g(x) = 15*x - 12. Let j(a) = 5*g(a) + 9*i(a). Let k(o) = 4*j(o) - 14*m(o). Give k(5).
-6
Let y(w) = -w**2 + 25*w - 22. Let u be y(24). Let b(s) = -2*s + 2*s**3 + 2 - 1 - s**3. Give b(u).
5
Let n(z) = -z**3 - 5*z**2 - z + 7. Let k be n(-5). Let p = k - 6. Let a(x) = -x**2 + 6*x + 5. Determine a(p).
5
Let b(o) = 6*o**2. Let m = 49 - 50. Calculate b(m).
6
Let j(f) be the second derivative of -f**5/20 + f**3/3 + 3*f**2/2 - f. Let y be (-4 + 1)*(-4)/6. Suppose 4*q + 5*w = 17, -y*w - 3*w + 15 = 5*q. Give j(q).
7
Let v(p) = 4*p**3 - 2*p - 1. Let f(q) be the second derivative of q**3/3 + 3*q**2/2 - 2*q. Let o be f(-2). Determine v(o).
-3
Let v(w) = w**3 - 8*w**2 + 8*w - 3. Let m(f) = -f**3 + 4*f**2. Let t be m(2). Let q be (-2)/(t/4)*-7. Determine v(q).
4
Let j(d) be the third derivative of d**6/720 - d**5/60 - d**4/6 - d**2. Let y(s) be the second derivative of j(s). What is y(3)?
1
Let f(a) = a**3 + a + 14. Let k(s) be the third derivative of s**4/24 - s**3 + 6*s**2. Let o be k(6). Calculate f(o).
14
Let p(m) = m + 1. Let n(v) = -v**3 - v**2 + 6*v + 7. Let d(y) = n(y) - 6*p(y). Give d(0).
1
Let l = 7 + -12. Let d = l - -9. Let v(k) = -k**2 + 3 - 4*k + d*k**2 + 0*k. Calculate v(2).
7
Let z(y) be the first derivative of y**2/2 - 6*y - 2. Let j = -3 - -8. Determine z(j).
-1
Let p(q) = q**3 + 3*q**2 - q - 1. Let z = 5 - 1. Suppose 19 - 3 = z*j. Suppose 5*d + 8 = a, j*a - 4 = a + 5*d. Give p(a).
5
Let d(n) = n**3 - n**2 + n. Let o(f) = f**2 - f. Let c be o(-1). What is d(c)?
6
Let m(n) = n**2 + n - 5. Let p(t) = -t**3 + t**2 + t - 2. Let z be p(-2). Let j(k) = -k**2 + 7*k + 8. Let d be j(z). Calculate m(d).
-5
Let c(i) = i + 1. Suppose 4*